site?
False
Is 993793 composite?
False
Is 20489 composite?
True
Is 2916757 prime?
True
Is 809 composite?
False
Is 216641 prime?
True
Is 849119 a prime number?
True
Is 10289 composite?
False
Is 466061 a composite number?
False
Is 651919 composite?
True
Is 6803 a composite number?
False
Is 546593 a prime number?
False
Is 3373199 prime?
False
Is 787 composite?
False
Is 713771 prime?
True
Is 49109 a composite number?
False
Is 45023 a composite number?
True
Is 478793 composite?
True
Is 3602 a prime number?
False
Is 2204731 prime?
True
Is 12437 a prime number?
True
Is 2317 composite?
True
Is 1689527 prime?
False
Is 265 composite?
True
Is 11083 prime?
True
Is 130957 a prime number?
True
Is 3709 a prime number?
True
Is 14173 prime?
True
Is 6913 composite?
True
Is 108079 a composite number?
False
Is 83761 prime?
True
Is 89779 composite?
False
Is 271919 prime?
True
Is 216959 a composite number?
True
Is 2696471 a composite number?
False
Is 2833739 prime?
True
Is 96953 a prime number?
True
Is 33367 a prime number?
False
Is 42191 a composite number?
True
Is 53141 a prime number?
False
Is 6079 prime?
True
Is 134297 a composite number?
True
Is 158159 composite?
True
Is 463093 prime?
True
Is 225773 a prime number?
False
Is 8057 composite?
True
Is 5141 a prime number?
False
Is 1114843 a composite number?
True
Is 745441 prime?
False
Is 5257 prime?
False
Is 18457 composite?
False
Is 993031 a composite number?
True
Is 45922 a prime number?
False
Is 1621 a prime number?
True
Is 41573 composite?
True
Is 2453 composite?
True
Is 11291 a composite number?
True
Is 13705 prime?
False
Is 519671 a prime number?
False
Is 165001 a prime number?
True
Is 9809 prime?
False
Is 72087 composite?
True
Is 3323159 a prime number?
False
Is 16181 prime?
False
Is 38803 prime?
True
Is 278401 composite?
True
Is 11311 a prime number?
True
Is 631 prime?
True
Is 24061 a prime number?
True
Is 37477 prime?
False
Is 14613 composite?
True
Is 15837 prime?
False
Is 221041 a composite number?
True
Is 541 a composite number?
False
Is 3403 a prime number?
False
Is 9323 prime?
True
Is 13829 a composite number?
False
Is 57367 composite?
False
Is 10781 a composite number?
False
Is 30497 prime?
True
Is 97 prime?
True
Is 273233 prime?
True
Is 6778 a composite number?
True
Is 2210223 a prime number?
False
Is 1120801 a prime number?
False
Is 1402673 a prime number?
True
Is 359621 a prime number?
True
Is 8179 prime?
True
Is 255313 a prime number?
True
Is 628093 a prime number?
True
Is 20738 prime?
False
Is 43567 prime?
False
Is 2771 a composite number?
True
Is 29623 prime?
False
Is 25657 a prime number?
True
Is 163841 composite?
False
Is 47207 a prime number?
True
Is 21695 prime?
False
Is 3410711 prime?
True
Is 1397 composite?
True
Is 303349 a composite number?
True
Is 7261 composite?
True
Is 379133 composite?
False
Is 12929 prime?
False
Is 23979 prime?
False
Is 745793 prime?
False
Is 116257 composite?
False
Is 112687 composite?
False
Is 82437 composite?
True
Is 52987 a prime number?
False
Is 3862 prime?
False
Is 252907 composite?
True
Is 30467 a prime number?
True
Is 47491 a prime number?
True
Is 74489 a prime number?
True
Is 29581 a prime number?
True
Is 198663 composite?
True
Is 246397 composite?
True
Is 51283 composite?
False
Is 30403 a composite number?
False
Is 8061 prime?
False
Is 38111 a prime number?
False
Is 2333 a composite number?
False
Is 110197 a prime number?
False
Is 4357 a prime number?
True
Is 9107 a composite number?
True
Is 36734 prime?
False
Is 337789 a prime number?
False
Is 3275837 a composite number?
True
Is 11017 prime?
False
Is 40693 composite?
False
Is 1247 a prime number?
False
Is 319109 a composite number?
True
Is 11269 a composite number?
True
Is 52329 prime?
False
Is 31357 a composite number?
False
Is 144422 a prime number?
False
Is 1249147 a composite number?
True
Is 65407 a prime number?
True
Is 135427 a prime number?
True
Is 2759 composite?
True
Is 1097009 prime?
True
Is 279499 prime?
False
Is 40711 composite?
True
Is 16837 a prime number?
False
Is 1543 a prime number?
True
Is 315737 a prime number?
False
Is 62071 a prime number?
True
Is 12721 a composite number?
False
Is 8147 a composite number?
False
Is 113453 a prime number?
True
Is 1341931 composite?
False
Is 81245 composite?
True
Is 38531 a prime number?
False
Is 1651 composite?
True
Is 10841 a composite number?
True
Is 17669 a prime number?
True
Is 44049 composite?
True
Is 36969 a prime number?
False
Is 4688503 a prime number?
True
Is 1441 a prime number?
False
Is 16181 prime?
False
Is 96377 prime?
True
Is 127 composite?
False
Is 78479 prime?
True
Is 148237 composite?
True
Is 2528707 composite?
False
Is 195601 a prime number?
False
Is 27613 a composite number?
True
Is 1754 prime?
False
Is 23419 a prime number?
False
Is 187027 a prime number?
True
Is 38029 composite?
True
Is 29501 prime?
True
Is 609043 a prime number?
True
Is 919 a prime number?
True
Is 18269 a composite number?
False
Is 3713 composite?
True
Is 91727 a prime number?
False
Is 267265 a composite number?
True
Is 2513 a composite number?
True
Is 379 composite?
False
Is 236807 composite?
False
Is 37447 composite?
False
Is 5471 prime?
True
Is 17657 a prime number?
True
Is 3285727 a composite number?
True
Is 14227 a composite number?
True
Is 62917 composite?
True
Is 2155 a composite number?
True
Is 11633 a prime number?
True
Is 3064723 a composite number?
False
Is 53807 a composite number?
True
Is 916771 a composite number?
False
Is 99923 a prime number?
True
Is 345221 prime?
True
Is 1114 a prime number?
False
Is 102757 a prime number?
False
Is 2733 a prime number?
False
Is 63831 a composite number?
True
Is 510161 a prime number?
False
Is 355099 a prime number?
True
Is 601873 composite?
False
Is 2999 a composite number?
False
Is 6547 prime?
True
Is 23461 a composite number?
True
Is 18373 composite?
True
Is 31469 prime?
True
Is 55894 a composite number?
True
Is 149749 composite?
False
Is 108503 a composite number?
False
Is 7979 a composite number?
True
Is 1815373 composite?
True
Is 10249 a prime number?
False
Is 19379 prime?
True
Is 5878 a prime number?
False
Is 1047961 composite?
False
Is 40609 composite?
False
Is 13 composite?
False
Is 22171 composite?
False
Is 12893 a composite number?
False
Is 24657 a composite number?
True
Is 137077 a prime number?
True
Is 1145971 composite?
False
Is 38013 prime?
False
Is 118 a composite number?
True
Is 18041 a prime number?
True
Is 36178 a prime number?
False
Is 25937 composite?
True
Is 281317 prime?
True
Is 15727 composite?
False
Is 12661 composite?
True
Is 1847 a prime number?
True
Is 23123 prime?
False
Is 725479 composite?
False
Is 54709 composite?
False
Is 222503 composite?
True
Is 274546 a composite number?
True
Is 19385 composite?
True
Is 229819 a composite number?
False
Is 237 a composite number?
True
Is 333377 prime?
False
Is 195613 prime?
False
Is 171881 a prime number?
True
Is 2019 prime?
False
Is 499 composite?
False
Is 3079 prime?
True
Is 479 a composite number?
False
Is 35009 prime?
False
Is 9151 a composite number?
False
Is 1848185 a prime number?
False
Is 18517 composite?
False
Is 430811 composite?
False
Is 637229 a prime number?
True
Is 1092037 a prime number?
False
Is 86741 a prime number?
False
Is 515393 a prime number?
False
Is 15011 a prime number?
False
Is 9305 composite?
True
Is 8887 a composite number?
False
Is 6047 prime?
True
Is 3661589 a prime number?
False
Is 3251 a composite number?
False
Is 44531 prime?
True
Is 528997 a composite number?
True
Is 312509 a composite number?
False
Is 23663 composite?
False
Is 10453 a prime number?
True
Is 2503 a prime number?
True
Is 21787 a composite number?
False
Is 9967 a prime number?
True
Is 19661 a prime number?
True
Is 649931 composite?
True
Is 15787 prime?
True
Is 7921 a prime number?
False
Is 514 a prime number?
False
Is 123949 a composite number?
True
Is 4739 a prime number?
False
Is 42689 a prime number?
True
Is 13387 composite?
True
Is 60799 prime?
False
Is 159415 a prime number?
False
Is 2629435 a prime number?
False
Is 197293 prime?
True
Is 72547 a composite number?
False
Is 19571 a prime number?
True
Is 1043 prime?
False
Is 1361 a prime number?
True
Is 3076679 prime?
True
Is 201149 prime?
False
Is 75869 a prime number?
True
Is 161771 a compos